) = -o**3 + 17*o**2 + 34*o + 76. Determine f(19).
0
Let k(n) = -n**3 + 3*n**2 + 8*n - 5. Calculate k(5).
-15
Let x(c) = -7*c - 65. What is x(-9)?
-2
Let l(d) = -6*d**2 - 34*d + 7. Calculate l(-6).
-5
Let u(v) = 10*v + 365. Give u(-37).
-5
Let v(l) = -2*l**2 - 11*l + 36. Calculate v(-9).
-27
Let m(t) = -t**2 + 4*t + 11. Give m(6).
-1
Let k(g) = -2*g**2 - 19*g + 5. Determine k(-14).
-121
Let y(s) = 11*s + 32. Determine y(-4).
-12
Let v(o) = -o**2 + 36*o + 112. Give v(39).
-5
Let g(r) = r**3 + r**2 + r + 1. Calculate g(-1).
0
Let j(k) = -2*k + 1. Calculate j(-5).
11
Let v(u) = -u**2 - 7*u + 3. Determine v(-4).
15
Let s(y) = -y - 24. Give s(-7).
-17
Let n(x) = 39*x - 1. Calculate n(2).
77
Let h(j) = -10*j + 10. What is h(6)?
-50
Let r(t) = -t - 7. Calculate r(5).
-12
Let v(j) = 10*j - 83. What is v(7)?
-13
Let h(a) = 2*a - 32. Give h(14).
-4
Let j(q) = -q**3 + 2*q**2 + 4*q - 2. Calculate j(3).
1
Let k(x) = x**3 + 11*x**2 - 8*x + 5. What is k(-11)?
93
Let u(b) = 11*b**2 + 3*b - 3. What is u(1)?
11
Let n(d) = -d**3 - 17*d**2 + d + 4. Determine n(-17).
-13
Let k(g) = -27*g**2 + 2*g + 4. Give k(-2).
-108
Let r(p) = p**3 - 7*p**2 - 97*p + 4. Give r(-7).
-3
Let z(b) = -4*b - 2. Determine z(-9).
34
Let u(c) = -34*c + 65. Give u(2).
-3
Let l(r) = -r**3 + 15*r**2 + 18*r - 7. Give l(16).
25
Let b(t) = 4*t**3 + 50*t**2 + 25*t + 4. Give b(-12).
-8
Let g(n) = n**2 - 8*n + 2. What is g(7)?
-5
Let z(d) = 2*d**2 + 31*d + 16. Determine z(-15).
1
Let q(d) = d**2 + 14*d - 21. Give q(-14).
-21
Let m(a) = a**2 - a - 27. Determine m(0).
-27
Let j(t) = t**3 - 11*t**2 + 8*t + 18. What is j(10)?
-2
Let w(p) = -p**3 + 6*p**2 + 12*p - 8. Give w(8).
-40
Let m(s) = 2*s + 22. What is m(-8)?
6
Let y(b) = b**2 + 20*b + 89. Give y(-12).
-7
Let w(u) = -19*u - 510. Determine w(-27).
3
Let o(r) = -2*r**3 + r**2 + 2*r + 2. Determine o(2).
-6
Let i(z) = -z**3 - 3*z**2 + 20*z + 15. Determine i(-6).
3
Let v(d) = d**3 + 5*d**2 - 20. Calculate v(-5).
-20
Let x(t) = -3*t**3 + t**2 + 6*t. Determine x(2).
-8
Let t(m) = 3*m - 38. What is t(12)?
-2
Let s(z) = -z**2 - 18*z + 45. Give s(-20).
5
Let k(g) = -g**2 + 6*g - 10. Determine k(4).
-2
Let s(u) = 2*u - 22. What is s(12)?
2
Let i(g) = -5*g + 2. Give i(-2).
12
Let n(f) = f**2 + 52*f - 72. Calculate n(-53).
-19
Let p(h) = -35*h - 14. Give p(-3).
91
Let w(o) = o. Calculate w(7).
7
Let w(a) = -3*a**2 + 4*a + 3. Give w(-3).
-36
Let u(y) = y**2 - y - 2. Give u(-3).
10
Let s(z) = -z + 27. Calculate s(-15).
42
Let m(f) = f + 1. Give m(-5).
-4
Let o(j) = -3*j + 10. Give o(9).
-17
Let j(l) = -l**3 + 4*l**2 - l - 3. What is j(2)?
3
Let r(y) = -5*y**2 - 88*y + 10. Give r(-18).
-26
Let n(u) = 2*u + 1. What is n(11)?
23
Let l(p) = -p**3 - 2*p**2 + p - 15. What is l(0)?
-15
Let h(l) = l**2 - 6*l - 8. Determine h(9).
19
Let g(q) = -7*q + 37. Determine g(5).
2
Let p(k) = k**2 - 10*k + 10. Determine p(6).
-14
Let u(l) = 10*l**2 + 3*l - 11. What is u(-4)?
137
Let p(v) = 4*v + 40. Give p(-9).
4
Let y(l) = -l**3 - 5*l**2 - 2*l + 8. What is y(-4)?
0
Let q(g) = 3*g + 21. Determine q(-9).
-6
Let c(x) = -x**2 - x + 2. What is c(6)?
-40
Let f(m) = -m**2 + 13*m + 16. Give f(-9).
-182
Let v(q) = q**2 - 9*q + 9. Give v(8).
1
Let p(g) = -g**2 - 7*g + 1. Give p(-4).
13
Let n(k) = k**2 - 3. What is n(-2)?
1
Let a(c) = c**3 + 14*c**2 + c + 15. Give a(-14).
1
Let g(r) = -9*r + 239. Determine g(27).
-4
Let l(r) = r**3 + 4*r**2 - 23*r + 8. Calculate l(4).
44
Let z(w) = w**3 + 11*w**2 + 12*w + 13. Calculate z(-10).
-7
Let k(p) = 6*p**2 - 20*p + 5. What is k(4)?
21
Let y(f) = -f**3 + 30*f**2 - 29*f - 21. Calculate y(29).
-21
Let n(x) = -x**3 + 2*x + 2. Calculate n(0).
2
Let n(p) = p**2 - 17*p + 10. Calculate n(8).
-62
Let a(s) = 4*s + 4. What is a(14)?
60
Let d(y) = y**3 + 3*y**2 + 4*y + 7. Determine d(-3).
-5
Let t(j) = -j**3 + 14*j**2 + 4*j + 5. What is t(14)?
61
Let m(y) = y**3 + 29*y**2 + 28*y + 8. Give m(-28).
8
Let b(j) = -25*j - 9. Calculate b(3).
-84
Let g(k) = 6*k - 17. Determine g(-4).
-41
Let d(h) = h**3 - 43*h**2 - 87*h - 150. Determine d(45).
-15
Let y(o) = -10*o - 101. Determine y(-9).
-11
Let d(j) = -j**2 + 5*j - 23. Give d(4).
-19
Let z(x) = 47*x + 150. Determine z(-3).
9
Let d(g) = g**3 - 9*g**2 - g. Give d(9).
-9
Let k(g) = -4*g - 36. Determine k(11).
-80
Let i(c) = c**2 - 18*c - 9. Give i(17).
-26
Let r(g) = -2*g + 14. Determine r(5).
4
Let w(m) = -m**3 + m**2 + 15*m - 4. Determine w(4).
8
Let x(s) = 3*s. Determine x(10).
30
Let p(q) = 58*q - 8. Calculate p(1).
50
Let r(s) = 3*s + 38. What is r(-12)?
2
Let p(g) = -g**3 - 9*g**2 + 2*g + 15. Determine p(-10).
95
Let b(q) = -90*q + 91. Give b(1).
1
Let q(x) = 18*x + 21. Give q(0).
21
Let b(u) = 2*u**2 + 9*u + 6. Calculate b(-5).
11
Let t(f) = f**2 - 8*f - 48. What is t(12)?
0
Let b(u) = 120*u + 117. What is b(-1)?
-3
Let y(s) = -s**3 - 5*s**2 - 10*s - 5. Calculate y(-4).
19
Let n(a) = 3*a + 26. What is n(-6)?
8
Let t(n) = 5*n**2 + n - 2. What is t(-2)?
16
Let g(p) = -p**2 + 8*p - 3. Calculate g(10).
-23
Let f(z) = z**2 - 23*z + 16. What is f(21)?
-26
Let i(o) = 22*o**2 - 2*o + 4. Give i(2).
88
Let u(b) = 6*b - 50. What is u(7)?
-8
Let w(z) = -z**3 + 21*z**2 - z + 30. Determine w(21).
9
Let c(k) = -2*k**2 - 23*k + 34. Give c(-13).
-5
Let x(p) = 4*p - 9. Determine x(-2).
-17
Let q(o) = -o + 18. What is q(14)?
4
Let c(h) = -h**2 + 13*h - 11. Give c(8).
29
Let w(g) = -7*g - 2. Determine w(0).
-2
Let s(q) = q**3 + 18*q**2 + 57*q + 30. Calculate s(-14).
16
Let b(v) = v**3 + 12*v**2 - 7*v - 6. What is b(-12)?
78
Let y(v) = 3*v**3 - 3*v**2 - 14*v + 1. Determine y(-3).
-65
Let b(o) = o**3 - 3*o**2 - 3*o. Determine b(4).
4
Let v(s) = -5*s - 6. Give v(-2).
4
Let y(i) = -9*i**2 - 91*i - 10. What is y(-10)?
0
Let a(x) = 3*x**2 + 3*x + 2. Calculate a(-2).
8
Let a(q) = q**3 + 11*q**2 - 16*q - 41. Determine a(-12).
7
Let h(n) = 14*n + 25. Give h(-2).
-3
Let m(l) = l**2 + 6*l - 22. Calculate m(-8).
-6
Let t(u) = -u**3 - 9*u**2 - 17*u - 9. Give t(-7).
12
Let j(t) = t**3 - 11*t**2 + 9*t - 2. Determine j(10).
-12
Let w(b) = -b**3 - 5*b**2 - b + 5. Determine w(-4).
-7
Let y(h) = h**3 + 3*h**2 - h - 8. Determine y(-4).
-20
Let l(c) = -c**2 - 21*c - 10. What is l(-14)?
88
Let l(g) = -g**3 - 12*g**2 - g - 15. Give l(-12).
-3
Let w(x) = 20*x + 56. Calculate w(-3).
-4
Let y(b) = -b**3 - 4*b**2 + 7*b + 4. Give y(-5).
-6
Let c(v) = 6*v + 24. Give c(-8).
-24
Let g(b) = -b**3 - 4*b**2 - b + 1. Determine g(-4).
5
Let h(q) = -2*q**3 + 75*q**2 + 39*q - 56. Calculate h(38).
-18
Let c(r) = -2*r**2 + 45*r + 12. Calculate c(23).
-11
Let a(y) = 20*y + 923. What is a(-46)?
3
Let h(d) = d**3 - 17*d**2 + 22*d - 89. What is h(16)?
7
Let b(z) = 18*z**2 - 2. Give b(1).
16
Let c(h) = 3*h + 32. What is c(-9)?
5
Let o(j) = -4*j - 84. What is o(-20)?
-4
Let f(p) = 3*p**2 - 2. Determine f(4).
46
Let j(v) = v + 4. Give j(5).
9
Let w(q) = q**3 - q**2 + 3*q - 3. What is w(2)?
7
Let x(b) = -b**2 + 17*b + 35. Determine x(20).
-25
Let g(w) = -w**2 + 32*w - 12. What is g(32)?
-12
Let o(v) = v**2 - 3*v + 1. Determine o(-2).
11
Let u(g) = g**2 + 13*g - 43. Calculate u(-15).
-13
Let i(b) = 18*b + 18. Determine i(1).
36
Let v(h) = h**3 - 15*h**2 + 38*h - 18. Determine v(12).
6
Let d(b) = -10*b + 9. Calculate d(3).
-21
Let m(t) = t**3 - 11*t**2 - t + 15. Calculate m(11).
4
Let z(i) = i**2 - 23*i - 55. What is z(25)?
-5
Let z(m) = m + 14. What is z(-8)?
6
Let b(v) = v**2 + 19*v + 30. What is b(-19)?
30
Let h(r) = -4*r - 8. Calculate h(-2).
0
Let q(g) = g**2 + 23*g. Give q(-23).
0
Let i(g) = -26*g**3 - 2*g**2 + 1. Calculate i(-1).
25
Let k(f) = f**3 + 4*f**2 + f + 3. Give k(-5).
-27
Let b(d) = 29*d**3 + d**2 - 3*d + 2. Give b(1).
29
Let z(p) = p - 27. What is z(7)?
-20
Let r(d) = 8*d**2 - 2*d - 1. What is r(3)?
65
Let t(d) = -15*d + 14. What is t(1)?
-1
Let i(d) = d**2 - 16*d + 9. Calculate i(16).
9
Let k(j) = j**2 - 7*j + 7. Determine k(6).
1
Let i(y) = -y**2 + y - 10. Determine i(0).
-10
Let f(d) = -2*d + 15. Calculate f(10).
-5
Let z(v) = 22*v**2 + v - 1. What is z(1)?
22
Let v(o) = -o**3 + 4*o**2 + 15*o + 11. Calculate v(-2).
5
Let g(c) = -c**2 + 12*c - 7. Determine g(12).
-7
Let u(s) = 2*s**2 + s + 13. Give u(0).
13
Let x(i) = -i**3 - 3*i**2 - 3*i - 3. Give x(-2).
-1
Let n(h) = 39*h - 2. Calculate n(-1).
-41
Let p(f) = -f**2 - 8*f - 4. Calculate p(-3).
11
Let d(m)